False
Let w(a) be the first derivative of -5*a**4/8 + 11*a**3/6 - 5*a**2/2 - 14. Let f(l) be the second derivative of w(l). Is f(-12) composite?
False
Let g(m) = 86*m**3 - 6*m**2 + 53*m + 20. Is g(11) prime?
True
Suppose 5*y = -5*i + y + 516, -3*i + 3*y = -288. Let w = -79 + i. Suppose -4*v = -w*v + 22355. Is v prime?
False
Let o(v) be the third derivative of v**5/20 - 31*v**4/24 + 25*v**3/6 + 25*v**2. Let k(c) = 19*c - 4. Let f be k(1). Is o(f) a prime number?
False
Let n = 97751 + -34309. Is n composite?
True
Suppose -x + 14521 = 5*b, -3*x + 10022 = -b - 33493. Is x a prime number?
False
Suppose -5*j + 8 + 7 = 0. Suppose -3*q = 5*n - 22, -j + 27 = 4*n + 4*q. Is 11 + -7 - -1393*(n - 1) a prime number?
False
Let t(m) = 2291*m**2 - 332*m - 2579. Is t(-8) composite?
False
Let d(s) = -s**3 - 14*s**2 - 23*s + 18. Let a be d(-12). Suppose 2813 = 2*h + q - a*q, -h = -3*q - 1408. Is h a composite number?
False
Suppose -2*f - 269390 = -2*m + 276164, -3*f + 272761 = m. Is m a composite number?
True
Let l = 263 - 216. Suppose -l*d + 51*d - 5620 = 0. Is d a composite number?
True
Suppose -15*o - 2304 + 22719 = 0. Is 0 + 8/(8/o) prime?
True
Suppose 4*l = 4*q - 6*q + 6, 2*l = -3*q - 7. Suppose -3*p - 2*p + v + 3500 = 0, -l*p + 2789 = -3*v. Is p a composite number?
False
Let b be ((-5)/10)/(3/264). Let s be ((-8)/(-10))/(b/(-2090)). Suppose h + 3*f - 496 + s = 0, 4*f = 12. Is h a composite number?
False
Suppose 5*o - 10337 = 4358. Let u = 4830 - o. Is u a composite number?
True
Let u be (-14)/(84/(-18)) + 1. Suppose -2*b + u*x = -21614, 9*b - 8*b - 5*x = 10819. Is b prime?
True
Suppose -6*h + 145235 = -301135. Is h prime?
False
Let b be (-67772)/(-9) + 30/(-135) + 0. Let q = b - -869. Is q composite?
True
Suppose -126750 = -3*a + 4*s, -2694*a + 2699*a = -2*s + 211198. Is a prime?
False
Let z(t) = 3269*t**3 + t**2 - t. Let p(a) = -a**3 + a**2 - 1. Let n(s) = -2*p(s) + z(s). Is n(1) prime?
True
Let d(q) = 4472*q**2 + 39*q + 83. Is d(-4) a prime number?
True
Let b(o) = 444*o**2 + 61*o + 228. Is b(-13) composite?
False
Let s(n) = -468*n + 6686. Is s(-94) a composite number?
True
Let k(f) = 6*f**2 + 37*f + 7. Let g(o) = 4*o**2 + 37*o + 7. Let a(x) = -6*g(x) + 5*k(x). Is a(12) a prime number?
False
Let t = 54 - 46. Let g(l) = -2*l + 4. Let y be g(t). Is (-18260)/(-25) - y/20 composite?
True
Suppose v = -4*c + 15, -2*c - 5*v + 35 = 14. Let j(w) = 172*w**3 + 3*w**2 - w + 5. Is j(c) prime?
True
Let z(u) = 944*u**2 - 150*u - 3935. Is z(-39) composite?
False
Suppose g - 2945 = 5*v, -2*v + v = 3*g - 8771. Let x = g + -1828. Is x prime?
True
Let j = -244017 - -610114. Is j a composite number?
False
Let p be (-9367)/(-51) - (-6)/(-9). Suppose 174*t - p*t = -7821. Is t a composite number?
True
Let o = 71 + -71. Let h(w) be the third derivative of -w**4/24 + 37*w**3/6 + w**2. Is h(o) composite?
False
Let g(l) = 12224*l - 6. Let a be g(1). Let x = a + -5989. Is x prime?
True
Suppose -25 = -u - 5*b, 4*u = -b - 2 + 7. Let k(x) = 29*x**3 + 5*x**2 + 6*x - 3. Let w be k(5). Suppose u = -7*m + 3986 + w. Is m prime?
True
Suppose 5*j + 4*x - 838 = 0, 349 = -0*j + 2*j - 3*x. Let a be 122/(2/j*-2) + -2. Let r = a + 7454. Is r composite?
False
Let u(g) = 19766*g**2 + 7*g - 5. Let h be u(-3). Suppose 0 = 39*x - h - 38231. Is x prime?
False
Suppose -10*t = -4*t - 55056. Suppose t = 8*k - 9384. Suppose -2*x = 2*m - 2492, 4*m - x = 2649 + k. Is m prime?
False
Suppose -3*z = -3*u - 0*u + 21, -4*z = 2*u + 10. Suppose -u*p + 7*i + 25536 = 8*i, 6 = -2*i. Is p a prime number?
True
Suppose 4*z = p + 20, 17*p = 19*p. Suppose -c + 3*x = -1484 - 4631, -2*x = -z*c + 30601. Is c a prime number?
True
Let f = -544 - -546. Is (-3)/f - 664666/(-68) prime?
False
Let n(v) = 49*v**2 + 24*v - 7. Let g(b) = b**2 + b - 1. Let d(l) = 3*g(l) + n(l). Let r be d(-13). Suppose -13*a + r = -10*a. Is a composite?
True
Let i be (15/(-20)*2)/(2/(-4)). Is i/(-18)*3*(-41495 - 3) a composite number?
False
Let z = -17225 - -44352. Is z a composite number?
False
Suppose 0 = 9*r - 4*r - 76060. Suppose -3*d - r = 5*k, d + d - 3*k = -10173. Is d*5/6*(-4)/10 a composite number?
False
Suppose 16*z - 160972 - 19044 = 0. Is z composite?
False
Let u(k) = 2890*k - 3. Let c be u(1). Suppose 4*y - 3*y - 4*n = c, 5*n - 14435 = -5*y. Is y prime?
True
Suppose 2*c = -c + 6, 0 = h + 4*c - 3600. Let p = 56 + 851. Suppose -m = 4*q - 0*q - p, -4*m - 4*q + h = 0. Is m a prime number?
False
Suppose -193964 = 2*a - 427075 - 1728887. Is a prime?
True
Suppose 0 = -22561*h + 22580*h - 4411819. Is h a prime number?
False
Let u(g) be the second derivative of 9*g**5/20 - 4*g**4/3 - 3*g**3/2 - 7*g**2/2 + 21*g. Is u(10) prime?
False
Is (-2*(-1)/6)/(78/15977286) prime?
True
Is 1/(-5)*1 + 78204096/2505 composite?
False
Suppose 2928187 = -109*m + 212*m. Is m composite?
False
Suppose 2*x - 5*q - 3162 - 3774 = 0, -5*x + 17386 = -q. Suppose 12853 = b - x. Is b a prime number?
False
Let k = 133 + -106. Suppose -22*c - 13825 = -k*c. Let i = -1644 + c. Is i composite?
True
Suppose -4*h - 13912 + 2783 = -5*r, -3 = 3*h. Suppose 35*c + r = 40*c. Is c a composite number?
True
Let l = 8558 - 5003. Let x = -2416 + 152. Let q = l + x. Is q a prime number?
True
Let o = 221 + -215. Is 1137*(2/o)/1 composite?
False
Let g be 1 - (2 + 3 + -8). Let o be (10 - 12)*((-178)/g + 0). Let r = o + 134. Is r prime?
True
Suppose 290*x + 49*x = 17132721. Is x a prime number?
True
Suppose -70*m - 323202 + 18431732 + 13663980 = 0. Is m a composite number?
True
Let b = -3736 + 5273. Suppose -10*t + 11*t = b. Is t prime?
False
Let v = -32 - -39. Suppose v*d + 12 = -2. Let w(t) = 698*t**2 + 5*t + 7. Is w(d) prime?
True
Let u(h) = h**3 + 10*h**2 - 12*h - 11. Let v be u(-11). Suppose -3*m - 3*w + 2*w - 559211 = v, w + 5 = 0. Is (-4)/30 + m/(-90) composite?
True
Let o(z) = z**2 - 10*z - 38. Let d be ((-4)/6)/(4/(-102)). Let u be o(d). Suppose -3*f = a - 883, -a + 5*f + u + 834 = 0. Is a composite?
True
Let f(x) = 4313*x - 927. Is f(26) prime?
True
Suppose -4*n - 4*n = 448. Let s be ((-2)/(-4))/((-7)/n). Suppose -5*w + 10903 = -s*r, -4*r = 6 + 2. Is w composite?
False
Let p(h) = 12*h + 101*h**2 - 168 - 9 - 5*h - 33*h. Is p(-10) prime?
False
Let o be ((-16)/4)/(-4) - (0 - 2). Let u be (15/(-5))/(o/(-169)). Suppose 4*g - 804 + 86 = c, -g - 5*c + u = 0. Is g prime?
True
Let s(z) = z. Let b(r) = -505*r - 4. Let h(l) = b(l) + 4*s(l). Suppose 0 = -2*m + 8*x + 32 - 82, -12 = -2*x. Is h(m) a prime number?
False
Is 85298/(-28)*(-336 + 322) a prime number?
True
Suppose 6 = -11*h + 8*h, -5*h = -3*v + 16. Suppose 5*j - g - 12914 = 49298, 2*g + 24880 = v*j. Is j a prime number?
False
Let v = 373 + -364. Suppose 0 = -7*l + v*l - 7006. Is l prime?
False
Let f(q) = 11288*q**3 - 6*q**2 + 8*q - 3. Is f(1) prime?
True
Suppose -i - 45135 = -6*i. Let d = 13664 - i. Suppose -9988 = -4*y + 4*z, -2*y + 3*z + d = -357. Is y prime?
False
Let u(c) = 499*c**3 - 2*c**2 + 103*c - 241. Is u(7) prime?
True
Let l = -30583 - -43704. Suppose 0 = -37*p + 33*p - 4*f + 36, 5*f - 18 = -2*p. Suppose -p*v = -l + 4184. Is v a prime number?
False
Suppose 15 = 5*m, -7*w - 4*m = -22799 - 299178. Is w composite?
True
Suppose n + 47 + 14 = 0. Let g(f) = 3*f + 87. Let y be g(19). Let p = y - n. Is p a composite number?
True
Let u be 1 + (-1029)/3*-14 + -6. Suppose 21162 = 3*n - 4*r, 0 = -n + 3*r + u + 2257. Is n a prime number?
False
Suppose 3*r + 4*d - 70 = 0, 2*r - 15*d + 11*d = 20. Is r/(-12)*(3540/(-18) + -4) a prime number?
False
Let l be ((4 - 2) + -9)*-1 - 3. Suppose -2*j + b = -8553, 3*j + l*b = 6418 + 6439. Is j composite?
True
Let f(t) = t**3 + 11*t**2 - 44*t - 19. Let q be f(-14). Is (1 + -3608)*(8 - q) prime?
True
Let i(a) = -10*a**3 - 16*a**2 - 126*a - 41. Is i(-7) a prime number?
False
Suppose 5*x - a - 13 = 0, 58*x + a = 53*x + 7. Is 154719/(-3)*(18/(-27))/x a composite number?
False
Let a(h) = -44*h**2 - 4*h + 9. Let c(r) = 131*r**2 + 11*r - 26. Let i(z) = 17*a(z) + 6*c(z). Let p be 4773/888 + 3/(-8). Is i(p) a composite number?
False
Is (2/6 - (-98)/147)/((-2)/(-76078)) a prime number?
True
Let b(f) = f**3 + 31*f**2 + 58*f + 1. Let l be b(-29). Let k(x) = 5982*x**2 + x - 2. Is k(l) a prime number?
True
Let r = -13 - -18. Let f(k) = 72*k**2 + k + 2. Let b be f(r). Suppose 4*t = 4*j - 5596, 3*t = -3*j + 2378 + b. Is j c